{"id":25,"date":"2025-12-03T10:03:25","date_gmt":"2025-12-03T10:03:25","guid":{"rendered":"https:\/\/cabinetngos.com\/?page_id=25"},"modified":"2025-12-04T15:04:20","modified_gmt":"2025-12-04T15:04:20","slug":"droit-de-la-famille","status":"publish","type":"page","link":"https:\/\/cabinetngos.com\/index.php\/droit-de-la-famille\/","title":{"rendered":"Droit de la famille"},"content":{"rendered":"\t\t<div data-elementor-type=\"wp-page\" data-elementor-id=\"25\" class=\"elementor elementor-25\">\n\t\t\t\t<div class=\"elementor-element elementor-element-28f493e e-con-full e-flex e-con e-parent\" data-id=\"28f493e\" data-element_type=\"container\" data-e-type=\"container\" data-settings=\"{&quot;background_background&quot;:&quot;classic&quot;}\">\n\t\t\t\t<div class=\"elementor-element elementor-element-3f9e36d elementor-widget elementor-widget-heading\" data-id=\"3f9e36d\" data-element_type=\"widget\" data-e-type=\"widget\" data-widget_type=\"heading.default\">\n\t\t\t\t\t<h2 class=\"elementor-heading-title elementor-size-default\">Avocats de R\u00e9f\u00e9rence en Droit de la Famille au Cameroun \u2013 Protection des Droits de Votre Famille<\/h2>\t\t\t\t<\/div>\n\t\t\t\t<\/div>\n\t\t<div class=\"elementor-element elementor-element-8921046 e-flex e-con-boxed e-con e-parent\" data-id=\"8921046\" data-element_type=\"container\" data-e-type=\"container\" data-settings=\"{&quot;background_background&quot;:&quot;classic&quot;}\">\n\t\t\t\t\t<div class=\"e-con-inner\">\n\t\t\t\t<div class=\"elementor-element elementor-element-9a7ffec elementor-widget elementor-widget-heading\" data-id=\"9a7ffec\" data-element_type=\"widget\" data-e-type=\"widget\" data-widget_type=\"heading.default\">\n\t\t\t\t\t<h2 class=\"elementor-heading-title elementor-size-default\">Services en Droit de la Famille au Cameroun : Consultation Juridique Sp\u00e9cialis\u00e9e pour Affaires Personnelles<\/h2>\t\t\t\t<\/div>\n\t\t\t\t<div class=\"elementor-element elementor-element-2540866 elementor-widget elementor-widget-text-editor\" data-id=\"2540866\" data-element_type=\"widget\" data-e-type=\"widget\" data-widget_type=\"text-editor.default\">\n\t\t\t\t\t\t\t\t\t<p data-start=\"194\" data-end=\"601\">Puisque la famille est le pilier de la soci\u00e9t\u00e9, chez <strong data-start=\"247\" data-end=\"272\">DN ASSOCIATES AVOCATS<\/strong>, nous comprenons que les conflits familiaux peuvent \u00eatre \u00e0 la fois \u00e9motionnellement et juridiquement complexes. Sp\u00e9cialement adapt\u00e9s \u00e0 votre situation, nos avocats sp\u00e9cialis\u00e9s en droit de la famille sont pr\u00eats \u00e0 fournir des solutions juridiques rapides et professionnelles, ainsi qu\u2019un accompagnement innovant et bienveillant. Que votre situation n\u00e9cessite une assistance pour la planification successorale, les litiges de garde d\u2019enfants ou les n\u00e9gociations de divorce, notre \u00e9quipe juridique exp\u00e9riment\u00e9e s\u2019engage \u00e0 prot\u00e9ger vos droits et \u00e0 garantir le meilleur r\u00e9sultat possible pour vous et vos proches.<br \/>En tant que cabinet reconnu parmi les meilleurs au Cameroun, nous sommes fiers d\u2019\u00eatre consid\u00e9r\u00e9s comme des <strong data-start=\"994\" data-end=\"1041\">Avocats de R\u00e9f\u00e9rence en Droit de la Famille<\/strong>, offrant une expertise in\u00e9gal\u00e9e en mati\u00e8re de droit familial. Notre approche centr\u00e9e sur le client, combin\u00e9e \u00e0 notre vaste connaissance du syst\u00e8me juridique camerounais, vous assure un accompagnement juridique optimal.<br \/>La complexit\u00e9 de votre dossier d\u00e9termine notre tarification. Contactez-nous pour b\u00e9n\u00e9ficier d\u2019une consultation compl\u00e8te.<\/p>\t\t\t\t\t\t\t\t<\/div>\n\t\t\t\t<div class=\"elementor-element elementor-element-cf900ee elementor-align-center elementor-widget elementor-widget-button\" data-id=\"cf900ee\" data-element_type=\"widget\" data-e-type=\"widget\" data-widget_type=\"button.default\">\n\t\t\t\t\t\t\t\t\t\t<a class=\"elementor-button elementor-button-link elementor-size-sm\" href=\"https:\/\/cabinetngos.com\/index.php\/contactez-nous\/\">\n\t\t\t\t\t\t<span class=\"elementor-button-content-wrapper\">\n\t\t\t\t\t\t\t\t\t<span class=\"elementor-button-text\">Appelez-nous maintenant<\/span>\n\t\t\t\t\t<\/span>\n\t\t\t\t\t<\/a>\n\t\t\t\t\t\t\t\t<\/div>\n\t\t\t\t\t<\/div>\n\t\t\t\t<\/div>\n\t\t<div class=\"elementor-element elementor-element-2ed820b e-con-full e-flex e-con e-parent\" data-id=\"2ed820b\" data-element_type=\"container\" data-e-type=\"container\" data-settings=\"{&quot;background_background&quot;:&quot;classic&quot;}\">\n\t\t<div class=\"elementor-element elementor-element-4dcf3fc e-grid e-con-boxed e-con e-child\" data-id=\"4dcf3fc\" data-element_type=\"container\" data-e-type=\"container\">\n\t\t\t\t\t<div class=\"e-con-inner\">\n\t\t\t\t<div class=\"elementor-element elementor-element-31d3f4a elementor-widget elementor-widget-image\" data-id=\"31d3f4a\" data-element_type=\"widget\" data-e-type=\"widget\" data-widget_type=\"image.default\">\n\t\t\t\t\t\t\t\t\t\t\t\t\t\t\t<img fetchpriority=\"high\" decoding=\"async\" width=\"768\" height=\"768\" src=\"https:\/\/cabinetngos.com\/wp-content\/uploads\/2025\/12\/New-Project-2025-12-04T041840.732-768x768.webp\" class=\"attachment-medium_large size-medium_large wp-image-549\" alt=\"\" srcset=\"https:\/\/cabinetngos.com\/wp-content\/uploads\/2025\/12\/New-Project-2025-12-04T041840.732-768x768.webp 768w, https:\/\/cabinetngos.com\/wp-content\/uploads\/2025\/12\/New-Project-2025-12-04T041840.732-300x300.webp 300w, https:\/\/cabinetngos.com\/wp-content\/uploads\/2025\/12\/New-Project-2025-12-04T041840.732-150x150.webp 150w, https:\/\/cabinetngos.com\/wp-content\/uploads\/2025\/12\/New-Project-2025-12-04T041840.732-600x600.webp 600w, https:\/\/cabinetngos.com\/wp-content\/uploads\/2025\/12\/New-Project-2025-12-04T041840.732.webp 800w\" sizes=\"(max-width: 768px) 100vw, 768px\" \/>\t\t\t\t\t\t\t\t\t\t\t\t\t\t\t<\/div>\n\t\t<div class=\"elementor-element elementor-element-932905d e-con-full e-flex e-con e-child\" data-id=\"932905d\" data-element_type=\"container\" data-e-type=\"container\">\n\t\t\t\t<div class=\"elementor-element elementor-element-dfbda2f elementor-widget elementor-widget-heading\" data-id=\"dfbda2f\" data-element_type=\"widget\" data-e-type=\"widget\" data-widget_type=\"heading.default\">\n\t\t\t\t\t<h2 class=\"elementor-heading-title elementor-size-default\">Pourquoi Choisir Nos Avocats en Droit de la Famille ?<\/h2>\t\t\t\t<\/div>\n\t\t\t\t<div class=\"elementor-element elementor-element-d16a513 elementor-widget elementor-widget-text-editor\" data-id=\"d16a513\" data-element_type=\"widget\" data-e-type=\"widget\" data-widget_type=\"text-editor.default\">\n\t\t\t\t\t\t\t\t\t<p data-start=\"121\" data-end=\"767\">Chez <strong data-start=\"142\" data-end=\"167\">DN ASSOCIATES AVOCATS<\/strong>, nous mettons notre expertise au service de votre famille. Nos clients nous choisissent pour la qualit\u00e9 de notre accompagnement et la protection efficace de leurs droits :<\/p><ul><li data-start=\"155\" data-end=\"286\"><p data-start=\"157\" data-end=\"286\">Expertise approfondie et exp\u00e9rience solide dans la gestion de divers litiges familiaux (divorce, garde d\u2019enfants, successions).<\/p><\/li><li data-start=\"287\" data-end=\"399\"><p data-start=\"289\" data-end=\"399\">Approche personnalis\u00e9e : chaque client b\u00e9n\u00e9ficie de solutions juridiques adapt\u00e9es \u00e0 sa situation sp\u00e9cifique.<\/p><\/li><li data-start=\"400\" data-end=\"526\"><p data-start=\"402\" data-end=\"526\">Ma\u00eetrise du syst\u00e8me juridique camerounais et connaissance des pratiques locales pour un accompagnement fiable et efficace.<\/p><\/li><li data-start=\"527\" data-end=\"621\"><p data-start=\"529\" data-end=\"621\">Protection des droits du client et garantie du meilleur r\u00e9sultat possible pour la famille.<\/p><\/li><\/ul>\t\t\t\t\t\t\t\t<\/div>\n\t\t\t\t<\/div>\n\t\t\t\t\t<\/div>\n\t\t\t\t<\/div>\n\t\t\t\t<\/div>\n\t\t<div class=\"elementor-element elementor-element-bbe7763 e-con-full e-flex e-con e-parent\" data-id=\"bbe7763\" data-element_type=\"container\" data-e-type=\"container\">\n\t\t\t\t<div class=\"elementor-element elementor-element-8379b11 elementor-widget elementor-widget-heading\" data-id=\"8379b11\" data-element_type=\"widget\" data-e-type=\"widget\" data-widget_type=\"heading.default\">\n\t\t\t\t\t<h2 class=\"elementor-heading-title elementor-size-default\">Conseil Juridique en Droit de la Famille<\/h2>\t\t\t\t<\/div>\n\t\t\t\t<div class=\"elementor-element elementor-element-4d98bdc elementor-widget elementor-widget-text-editor\" data-id=\"4d98bdc\" data-element_type=\"widget\" data-e-type=\"widget\" data-widget_type=\"text-editor.default\">\n\t\t\t\t\t\t\t\t\t<p data-start=\"229\" data-end=\"378\">Le droit de la famille couvre un large \u00e9ventail de questions juridiques, et notre cabinet propose des services complets pour r\u00e9pondre \u00e0 tous vos besoins. <br \/>Nous pr\u00e9sentons ici nos <strong data-start=\"371\" data-end=\"401\">services en droit familial<\/strong> :<\/p>\t\t\t\t\t\t\t\t<\/div>\n\t\t<div class=\"elementor-element elementor-element-c5a4aff e-grid e-con-full e-con e-child\" data-id=\"c5a4aff\" data-element_type=\"container\" data-e-type=\"container\">\n\t\t<div class=\"elementor-element elementor-element-3a0b2ef e-con-full e-flex e-con e-child\" data-id=\"3a0b2ef\" data-element_type=\"container\" data-e-type=\"container\" data-settings=\"{&quot;background_background&quot;:&quot;classic&quot;}\">\n\t\t\t\t<div class=\"elementor-element elementor-element-d25c8a5 elementor-widget elementor-widget-heading\" data-id=\"d25c8a5\" data-element_type=\"widget\" data-e-type=\"widget\" data-widget_type=\"heading.default\">\n\t\t\t\t\t<h2 class=\"elementor-heading-title elementor-size-default\">Divorce<\/h2>\t\t\t\t<\/div>\n\t\t\t\t<div class=\"elementor-element elementor-element-55ed497 elementor-widget elementor-widget-text-editor\" data-id=\"55ed497\" data-element_type=\"widget\" data-e-type=\"widget\" data-widget_type=\"text-editor.default\">\n\t\t\t\t\t\t\t\t\t<p data-start=\"176\" data-end=\"423\">Le divorce est l\u2019un des \u00e9v\u00e9nements les plus difficiles qu\u2019une famille puisse traverser. Nos avocats sp\u00e9cialis\u00e9s en droit de la famille vous accompagnent tout au long du processus, en prot\u00e9geant vos droits \u00e0 chaque \u00e9tape. Nous examinons les r\u00e9glementations l\u00e9gales sp\u00e9cifiques, les d\u00e9lais et les pratiques les mieux adapt\u00e9es \u00e0 votre situation. Nous fournissons \u00e9galement des conseils experts pour n\u00e9gocier des r\u00e8glements financiers justes, incluant dettes, biens immobiliers et autres biens matrimoniaux, afin de garantir un r\u00e9sultat \u00e9quitable.<\/p>\t\t\t\t\t\t\t\t<\/div>\n\t\t\t\t<\/div>\n\t\t<div class=\"elementor-element elementor-element-600cffc e-con-full e-flex e-con e-child\" data-id=\"600cffc\" data-element_type=\"container\" data-e-type=\"container\" data-settings=\"{&quot;background_background&quot;:&quot;classic&quot;}\">\n\t\t\t\t<div class=\"elementor-element elementor-element-0e29827 elementor-widget elementor-widget-heading\" data-id=\"0e29827\" data-element_type=\"widget\" data-e-type=\"widget\" data-widget_type=\"heading.default\">\n\t\t\t\t\t<h2 class=\"elementor-heading-title elementor-size-default\">Assistance pour la Garde d\u2019Enfants<\/h2>\t\t\t\t<\/div>\n\t\t\t\t<div class=\"elementor-element elementor-element-a180019 elementor-widget elementor-widget-text-editor\" data-id=\"a180019\" data-element_type=\"widget\" data-e-type=\"widget\" data-widget_type=\"text-editor.default\">\n\t\t\t\t\t\t\t\t\t<p data-start=\"189\" data-end=\"444\">La priorit\u00e9 absolue est le bien-\u00eatre de vos enfants. Nos experts en droit de la famille vous guident pour assurer les meilleures conditions pour vos enfants. Nous vous aidons \u00e0 comprendre vos droits et responsabilit\u00e9s en tant que parent et vous accompagnons dans l\u2019\u00e9laboration de <strong data-start=\"457\" data-end=\"475\">plans de garde<\/strong> centr\u00e9s sur l\u2019int\u00e9r\u00eat sup\u00e9rieur de l\u2019enfant. Nous fournissons \u00e9galement des conseils pour <strong data-start=\"566\" data-end=\"592\">la pension alimentaire<\/strong>, afin de garantir que les besoins de vos enfants soient pleinement satisfaits.<\/p>\t\t\t\t\t\t\t\t<\/div>\n\t\t\t\t<\/div>\n\t\t<div class=\"elementor-element elementor-element-b88ff42 e-con-full e-flex e-con e-child\" data-id=\"b88ff42\" data-element_type=\"container\" data-e-type=\"container\" data-settings=\"{&quot;background_background&quot;:&quot;classic&quot;}\">\n\t\t\t\t<div class=\"elementor-element elementor-element-4afaeaa elementor-widget elementor-widget-heading\" data-id=\"4afaeaa\" data-element_type=\"widget\" data-e-type=\"widget\" data-widget_type=\"heading.default\">\n\t\t\t\t\t<h2 class=\"elementor-heading-title elementor-size-default\">Pension Alimentaire et Soutien Conjugal<\/h2>\t\t\t\t<\/div>\n\t\t\t\t<div class=\"elementor-element elementor-element-7f28611 elementor-widget elementor-widget-text-editor\" data-id=\"7f28611\" data-element_type=\"widget\" data-e-type=\"widget\" data-widget_type=\"text-editor.default\">\n\t\t\t\t\t\t\t\t\t<p data-start=\"195\" data-end=\"364\">De nombreux divorces portent sur le soutien conjugal, parfois appel\u00e9 pension alimentaire. Nos experts vous guident \u00e0 travers les r\u00e8gles complexes concernant le soutien du conjoint. La pension prend en compte la dur\u00e9e du mariage, la situation financi\u00e8re des \u00e9poux et le niveau de vie pendant la vie conjugale. Nous offrons \u00e9galement des conseils sp\u00e9cialis\u00e9s pour <strong data-start=\"544\" data-end=\"599\">n\u00e9gocier des accords de soutien conjugal \u00e9quitables<\/strong>, afin de prot\u00e9ger votre avenir financier.<\/p>\t\t\t\t\t\t\t\t<\/div>\n\t\t\t\t<\/div>\n\t\t<div class=\"elementor-element elementor-element-79d3da9 e-con-full e-flex e-con e-child\" data-id=\"79d3da9\" data-element_type=\"container\" data-e-type=\"container\" data-settings=\"{&quot;background_background&quot;:&quot;classic&quot;}\">\n\t\t\t\t<div class=\"elementor-element elementor-element-4990b69 elementor-widget elementor-widget-heading\" data-id=\"4990b69\" data-element_type=\"widget\" data-e-type=\"widget\" data-widget_type=\"heading.default\">\n\t\t\t\t\t<h2 class=\"elementor-heading-title elementor-size-default\">Contrats Pr\u00e9nuptiaux et Postnuptiaux<\/h2>\t\t\t\t<\/div>\n\t\t\t\t<div class=\"elementor-element elementor-element-3477ea0 elementor-widget elementor-widget-text-editor\" data-id=\"3477ea0\" data-element_type=\"widget\" data-e-type=\"widget\" data-widget_type=\"text-editor.default\">\n\t\t\t\t\t\t\t\t\t<p data-start=\"179\" data-end=\"592\">Les <strong data-start=\"183\" data-end=\"223\">contrats pr\u00e9nuptiaux et postnuptiaux<\/strong> sont des outils efficaces pour prot\u00e9ger vos biens et d\u00e9finir clairement les attentes financi\u00e8res au sein du mariage. Ces accords apportent coh\u00e9rence et clart\u00e9, permettant d\u2019\u00e9viter les conflits en cas de divorce. Notre \u00e9quipe garantit la protection de vos droits gr\u00e2ce \u00e0 une <strong data-start=\"498\" data-end=\"535\">r\u00e9daction et r\u00e9vision minutieuses<\/strong> de ces contrats, adapt\u00e9s \u00e0 votre situation sp\u00e9cifique.<\/p>\t\t\t\t\t\t\t\t<\/div>\n\t\t\t\t<\/div>\n\t\t<div class=\"elementor-element elementor-element-ca47156 e-con-full e-flex e-con e-child\" data-id=\"ca47156\" data-element_type=\"container\" data-e-type=\"container\" data-settings=\"{&quot;background_background&quot;:&quot;classic&quot;}\">\n\t\t\t\t<div class=\"elementor-element elementor-element-ac26d8a elementor-widget elementor-widget-heading\" data-id=\"ac26d8a\" data-element_type=\"widget\" data-e-type=\"widget\" data-widget_type=\"heading.default\">\n\t\t\t\t\t<h2 class=\"elementor-heading-title elementor-size-default\">Protection contre la Violence Domestique<\/h2>\t\t\t\t<\/div>\n\t\t\t\t<div class=\"elementor-element elementor-element-607dbe0 elementor-widget elementor-widget-text-editor\" data-id=\"607dbe0\" data-element_type=\"widget\" data-e-type=\"widget\" data-widget_type=\"text-editor.default\">\n\t\t\t\t\t\t\t\t\t<p data-start=\"183\" data-end=\"656\">La violence domestique est un probl\u00e8me grave n\u00e9cessitant une intervention juridique imm\u00e9diate. Notre cabinet s\u2019engage \u00e0 fournir aux victimes la justice et la protection qu\u2019elles m\u00e9ritent. Nous aidons les victimes \u00e0 obtenir des <strong data-start=\"410\" data-end=\"439\">ordonnances de protection<\/strong> et autres mesures l\u00e9gales, avec un accompagnement <strong data-start=\"490\" data-end=\"517\">discret et bienveillant<\/strong>. Notre \u00e9quipe exp\u00e9riment\u00e9e vous guide tout au long du processus juridique, en pla\u00e7ant votre s\u00e9curit\u00e9 et votre bien-\u00eatre au premier plan.<\/p>\t\t\t\t\t\t\t\t<\/div>\n\t\t\t\t<\/div>\n\t\t<div class=\"elementor-element elementor-element-c984480 e-con-full e-flex e-con e-child\" data-id=\"c984480\" data-element_type=\"container\" data-e-type=\"container\" data-settings=\"{&quot;background_background&quot;:&quot;classic&quot;}\">\n\t\t\t\t<div class=\"elementor-element elementor-element-4e5e51c elementor-widget elementor-widget-heading\" data-id=\"4e5e51c\" data-element_type=\"widget\" data-e-type=\"widget\" data-widget_type=\"heading.default\">\n\t\t\t\t\t<h2 class=\"elementor-heading-title elementor-size-default\">Planification Patrimoniale et Successions<\/h2>\t\t\t\t<\/div>\n\t\t\t\t<div class=\"elementor-element elementor-element-0752a50 elementor-widget elementor-widget-text-editor\" data-id=\"0752a50\" data-element_type=\"widget\" data-e-type=\"widget\" data-widget_type=\"text-editor.default\">\n\t\t\t\t\t\t\t\t\t<p data-start=\"165\" data-end=\"631\">La planification de l\u2019avenir permet de garantir le bien-\u00eatre de vos proches. Notre cabinet offre des conseils professionnels sur les <strong data-start=\"317\" data-end=\"374\">r\u00e8gles de succession et la planification patrimoniale<\/strong>. Nous vous accompagnons dans la r\u00e9daction de <strong data-start=\"420\" data-end=\"434\">testaments<\/strong>, la cr\u00e9ation de <strong data-start=\"451\" data-end=\"461\">trusts<\/strong>, et la validation de la <strong data-start=\"486\" data-end=\"521\">r\u00e9partition de votre patrimoine<\/strong>, afin de s\u00e9curiser vos biens et prot\u00e9ger vos h\u00e9ritiers conform\u00e9ment aux lois en vigueur.<\/p>\t\t\t\t\t\t\t\t<\/div>\n\t\t\t\t<\/div>\n\t\t\t\t<\/div>\n\t\t\t\t<\/div>\n\t\t\t\t<\/div>\n\t\t","protected":false},"excerpt":{"rendered":"<p>Avocats de R\u00e9f\u00e9rence en Droit de la Famille au Cameroun \u2013 Protection des Droits de Votre Famille Services en Droit de la Famille au Cameroun : Consultation Juridique Sp\u00e9cialis\u00e9e pour Affaires Personnelles Puisque la famille est le pilier de la soci\u00e9t\u00e9, chez DN ASSOCIATES AVOCATS, nous comprenons que les conflits familiaux peuvent \u00eatre \u00e0 la [&hellip;]<\/p>\n","protected":false},"author":1,"featured_media":0,"parent":0,"menu_order":0,"comment_status":"closed","ping_status":"closed","template":"","meta":{"ocean_post_layout":"full-screen","ocean_both_sidebars_style":"","ocean_both_sidebars_content_width":0,"ocean_both_sidebars_sidebars_width":0,"ocean_sidebar":"","ocean_second_sidebar":"","ocean_disable_margins":"enable","ocean_add_body_class":"","ocean_shortcode_before_top_bar":"","ocean_shortcode_after_top_bar":"","ocean_shortcode_before_header":"","ocean_shortcode_after_header":"","ocean_has_shortcode":"","ocean_shortcode_after_title":"","ocean_shortcode_before_footer_widgets":"","ocean_shortcode_after_footer_widgets":"","ocean_shortcode_before_footer_bottom":"","ocean_shortcode_after_footer_bottom":"","ocean_display_top_bar":"default","ocean_display_header":"default","ocean_header_style":"","ocean_center_header_left_menu":"","ocean_custom_header_template":"","ocean_custom_logo":0,"ocean_custom_retina_logo":0,"ocean_custom_logo_max_width":0,"ocean_custom_logo_tablet_max_width":0,"ocean_custom_logo_mobile_max_width":0,"ocean_custom_logo_max_height":0,"ocean_custom_logo_tablet_max_height":0,"ocean_custom_logo_mobile_max_height":0,"ocean_header_custom_menu":"","ocean_menu_typo_font_family":"","ocean_menu_typo_font_subset":"","ocean_menu_typo_font_size":0,"ocean_menu_typo_font_size_tablet":0,"ocean_menu_typo_font_size_mobile":0,"ocean_menu_typo_font_size_unit":"px","ocean_menu_typo_font_weight":"","ocean_menu_typo_font_weight_tablet":"","ocean_menu_typo_font_weight_mobile":"","ocean_menu_typo_transform":"","ocean_menu_typo_transform_tablet":"","ocean_menu_typo_transform_mobile":"","ocean_menu_typo_line_height":0,"ocean_menu_typo_line_height_tablet":0,"ocean_menu_typo_line_height_mobile":0,"ocean_menu_typo_line_height_unit":"","ocean_menu_typo_spacing":0,"ocean_menu_typo_spacing_tablet":0,"ocean_menu_typo_spacing_mobile":0,"ocean_menu_typo_spacing_unit":"","ocean_menu_link_color":"","ocean_menu_link_color_hover":"","ocean_menu_link_color_active":"","ocean_menu_link_background":"","ocean_menu_link_hover_background":"","ocean_menu_link_active_background":"","ocean_menu_social_links_bg":"","ocean_menu_social_hover_links_bg":"","ocean_menu_social_links_color":"","ocean_menu_social_hover_links_color":"","ocean_disable_title":"on","ocean_disable_heading":"default","ocean_post_title":"","ocean_post_subheading":"","ocean_post_title_style":"","ocean_post_title_background_color":"","ocean_post_title_background":0,"ocean_post_title_bg_image_position":"","ocean_post_title_bg_image_attachment":"","ocean_post_title_bg_image_repeat":"","ocean_post_title_bg_image_size":"","ocean_post_title_height":0,"ocean_post_title_bg_overlay":0.5,"ocean_post_title_bg_overlay_color":"","ocean_disable_breadcrumbs":"default","ocean_breadcrumbs_color":"","ocean_breadcrumbs_separator_color":"","ocean_breadcrumbs_links_color":"","ocean_breadcrumbs_links_hover_color":"","ocean_display_footer_widgets":"default","ocean_display_footer_bottom":"default","ocean_custom_footer_template":"","footnotes":""},"class_list":["post-25","page","type-page","status-publish","hentry","entry"],"_links":{"self":[{"href":"https:\/\/cabinetngos.com\/index.php\/wp-json\/wp\/v2\/pages\/25","targetHints":{"allow":["GET"]}}],"collection":[{"href":"https:\/\/cabinetngos.com\/index.php\/wp-json\/wp\/v2\/pages"}],"about":[{"href":"https:\/\/cabinetngos.com\/index.php\/wp-json\/wp\/v2\/types\/page"}],"author":[{"embeddable":true,"href":"https:\/\/cabinetngos.com\/index.php\/wp-json\/wp\/v2\/users\/1"}],"replies":[{"embeddable":true,"href":"https:\/\/cabinetngos.com\/index.php\/wp-json\/wp\/v2\/comments?post=25"}],"version-history":[{"count":47,"href":"https:\/\/cabinetngos.com\/index.php\/wp-json\/wp\/v2\/pages\/25\/revisions"}],"predecessor-version":[{"id":796,"href":"https:\/\/cabinetngos.com\/index.php\/wp-json\/wp\/v2\/pages\/25\/revisions\/796"}],"wp:attachment":[{"href":"https:\/\/cabinetngos.com\/index.php\/wp-json\/wp\/v2\/media?parent=25"}],"curies":[{"name":"wp","href":"https:\/\/api.w.org\/{rel}","templated":true}]}}