{"id":19,"date":"2025-12-03T10:02:19","date_gmt":"2025-12-03T10:02:19","guid":{"rendered":"https:\/\/cabinetngos.com\/?page_id=19"},"modified":"2025-12-04T14:59:27","modified_gmt":"2025-12-04T14:59:27","slug":"droit-penal","status":"publish","type":"page","link":"https:\/\/cabinetngos.com\/index.php\/droit-penal\/","title":{"rendered":"Droit p\u00e9nal"},"content":{"rendered":"\t\t<div data-elementor-type=\"wp-page\" data-elementor-id=\"19\" class=\"elementor elementor-19\">\n\t\t\t\t<div class=\"elementor-element elementor-element-8740b63 e-con-full e-flex e-con e-parent\" data-id=\"8740b63\" data-element_type=\"container\" data-e-type=\"container\" data-settings=\"{&quot;background_background&quot;:&quot;classic&quot;}\">\n\t\t\t\t<div class=\"elementor-element elementor-element-ec32381 elementor-widget elementor-widget-heading\" data-id=\"ec32381\" data-element_type=\"widget\" data-e-type=\"widget\" data-widget_type=\"heading.default\">\n\t\t\t\t\t<h2 class=\"elementor-heading-title elementor-size-default\">Avocats P\u00e9nalistes de Premier Plan au Cameroun \u2013 Protection de Vos Droits<\/h2>\t\t\t\t<\/div>\n\t\t\t\t<\/div>\n\t\t<div class=\"elementor-element elementor-element-c28e721 e-flex e-con-boxed e-con e-parent\" data-id=\"c28e721\" data-element_type=\"container\" data-e-type=\"container\" data-settings=\"{&quot;background_background&quot;:&quot;classic&quot;}\">\n\t\t\t\t\t<div class=\"e-con-inner\">\n\t\t\t\t<div class=\"elementor-element elementor-element-ef64e5d elementor-widget elementor-widget-heading\" data-id=\"ef64e5d\" data-element_type=\"widget\" data-e-type=\"widget\" data-widget_type=\"heading.default\">\n\t\t\t\t\t<h2 class=\"elementor-heading-title elementor-size-default\">Services Juridiques en Droit P\u00e9nal au Cameroun<\/h2>\t\t\t\t<\/div>\n\t\t\t\t<div class=\"elementor-element elementor-element-4a5196c elementor-widget elementor-widget-text-editor\" data-id=\"4a5196c\" data-element_type=\"widget\" data-e-type=\"widget\" data-widget_type=\"text-editor.default\">\n\t\t\t\t\t\t\t\t\t<p data-start=\"197\" data-end=\"576\">Le droit p\u00e9nal est un domaine complexe et sensible du droit, n\u00e9cessitant une expertise rigoureuse et une exp\u00e9rience approfondie. Comprendre et naviguer dans les subtilit\u00e9s du <strong data-start=\"372\" data-end=\"398\">Code p\u00e9nal camerounais<\/strong> exige non seulement une connaissance pr\u00e9cise du cadre juridique, mais \u00e9galement le savoir-faire d\u2019avocats p\u00e9nalistes exp\u00e9riment\u00e9s capables de d\u00e9fendre efficacement vos droits. <br \/>Chez <strong data-start=\"583\" data-end=\"608\">DN ASSOCIATES AVOCATS<\/strong>, nous comprenons la gravit\u00e9 des accusations p\u00e9nales et leur impact sur la vie, la r\u00e9putation et l\u2019avenir de nos clients. Notre cabinet s\u2019engage \u00e0 fournir le meilleur <strong data-start=\"775\" data-end=\"805\">conseil juridique possible<\/strong>, garantissant la protection de vos droits et l\u2019\u00e9coute de votre voix tout au long de la proc\u00e9dure. Nos avocats p\u00e9nalistes comp\u00e9tents sont pr\u00eats \u00e0 repr\u00e9senter vos int\u00e9r\u00eats avec efficacit\u00e9 et d\u00e9termination devant les tribunaux comp\u00e9tents.<\/p>\t\t\t\t\t\t\t\t<\/div>\n\t\t\t\t<div class=\"elementor-element elementor-element-59425ff elementor-align-center elementor-widget elementor-widget-button\" data-id=\"59425ff\" data-element_type=\"widget\" data-e-type=\"widget\" data-widget_type=\"button.default\">\n\t\t\t\t\t\t\t\t\t\t<a class=\"elementor-button elementor-button-link elementor-size-sm\" href=\"https:\/\/cabinetngos.com\/index.php\/contactez-nous\/\">\n\t\t\t\t\t\t<span class=\"elementor-button-content-wrapper\">\n\t\t\t\t\t\t\t\t\t<span class=\"elementor-button-text\">Appelez-nous maintenant<\/span>\n\t\t\t\t\t<\/span>\n\t\t\t\t\t<\/a>\n\t\t\t\t\t\t\t\t<\/div>\n\t\t\t\t\t<\/div>\n\t\t\t\t<\/div>\n\t\t<div class=\"elementor-element elementor-element-d4bc8ae e-con-full e-flex e-con e-parent\" data-id=\"d4bc8ae\" data-element_type=\"container\" data-e-type=\"container\" data-settings=\"{&quot;background_background&quot;:&quot;classic&quot;}\">\n\t\t<div class=\"elementor-element elementor-element-5bd10f5 e-grid e-con-boxed e-con e-child\" data-id=\"5bd10f5\" data-element_type=\"container\" data-e-type=\"container\">\n\t\t\t\t\t<div class=\"e-con-inner\">\n\t\t\t\t<div class=\"elementor-element elementor-element-aa00f04 elementor-widget elementor-widget-image\" data-id=\"aa00f04\" data-element_type=\"widget\" data-e-type=\"widget\" data-widget_type=\"image.default\">\n\t\t\t\t\t\t\t\t\t\t\t\t\t\t\t<img fetchpriority=\"high\" decoding=\"async\" width=\"800\" height=\"800\" src=\"https:\/\/cabinetngos.com\/wp-content\/uploads\/2025\/12\/New-Project-2025-12-04T021223.639.webp\" class=\"attachment-large size-large wp-image-378\" alt=\"\" srcset=\"https:\/\/cabinetngos.com\/wp-content\/uploads\/2025\/12\/New-Project-2025-12-04T021223.639.webp 800w, https:\/\/cabinetngos.com\/wp-content\/uploads\/2025\/12\/New-Project-2025-12-04T021223.639-300x300.webp 300w, https:\/\/cabinetngos.com\/wp-content\/uploads\/2025\/12\/New-Project-2025-12-04T021223.639-150x150.webp 150w, https:\/\/cabinetngos.com\/wp-content\/uploads\/2025\/12\/New-Project-2025-12-04T021223.639-768x768.webp 768w, https:\/\/cabinetngos.com\/wp-content\/uploads\/2025\/12\/New-Project-2025-12-04T021223.639-600x600.webp 600w\" sizes=\"(max-width: 800px) 100vw, 800px\" \/>\t\t\t\t\t\t\t\t\t\t\t\t\t\t\t<\/div>\n\t\t<div class=\"elementor-element elementor-element-dee5d65 e-con-full e-flex e-con e-child\" data-id=\"dee5d65\" data-element_type=\"container\" data-e-type=\"container\">\n\t\t\t\t<div class=\"elementor-element elementor-element-e1c7d12 elementor-widget elementor-widget-heading\" data-id=\"e1c7d12\" data-element_type=\"widget\" data-e-type=\"widget\" data-widget_type=\"heading.default\">\n\t\t\t\t\t<h2 class=\"elementor-heading-title elementor-size-default\">Pourquoi Choisir les Meilleurs Avocats P\u00e9nalistes au Cameroun ?<\/h2>\t\t\t\t<\/div>\n\t\t\t\t<div class=\"elementor-element elementor-element-9712095 elementor-widget elementor-widget-text-editor\" data-id=\"9712095\" data-element_type=\"widget\" data-e-type=\"widget\" data-widget_type=\"text-editor.default\">\n\t\t\t\t\t\t\t\t\t<p data-start=\"234\" data-end=\"523\">Lorsqu\u2019une personne fait face \u00e0 des accusations p\u00e9nales, le choix d\u2019un avocat comp\u00e9tent en d\u00e9fense p\u00e9nale peut faire toute la diff\u00e9rence. <strong data-start=\"372\" data-end=\"397\">DN ASSOCIATES AVOCATS<\/strong> figure parmi les cabinets de r\u00e9f\u00e9rence au Cameroun pour le droit p\u00e9nal, et voici pourquoi nos clients nous font confiance :<\/p><h3 data-start=\"525\" data-end=\"561\"><strong data-start=\"529\" data-end=\"559\">1. Ma\u00eetrise du Droit P\u00e9nal<\/strong><\/h3><p data-start=\"562\" data-end=\"884\">Avec plusieurs ann\u00e9es d\u2019exp\u00e9rience dans le traitement de divers dossiers p\u00e9naux, nos avocats sp\u00e9cialis\u00e9s fournissent une assistance juridique compl\u00e8te. Des infractions mineures aux affaires les plus complexes, notre \u00e9quipe poss\u00e8de l\u2019expertise n\u00e9cessaire pour naviguer efficacement dans le syst\u00e8me judiciaire camerounais.<\/p><h3 data-start=\"886\" data-end=\"937\"><strong data-start=\"890\" data-end=\"935\">2. Avocats exp\u00e9riment\u00e9s en D\u00e9fense P\u00e9nale<\/strong><\/h3><p data-start=\"938\" data-end=\"1150\">Nos avocats p\u00e9nalistes sont hautement qualifi\u00e9s et experts certifi\u00e9s. Leur connaissance approfondie des pratiques et normes locales garantit que chaque affaire est trait\u00e9e de mani\u00e8re pr\u00e9cise et professionnelle.<\/p><h3 data-start=\"1152\" data-end=\"1206\"><strong data-start=\"1156\" data-end=\"1204\">3. Respect de la Confidentialit\u00e9 des Clients<\/strong><\/h3><p data-start=\"1207\" data-end=\"1392\">Nous traitons la confidentialit\u00e9 avec le plus grand soin, conscients de la sensibilit\u00e9 des affaires p\u00e9nales. La protection de vos informations personnelles est notre priorit\u00e9 absolue.<\/p><h3 data-start=\"1394\" data-end=\"1430\"><strong data-start=\"1398\" data-end=\"1428\">4. Attention Personnalis\u00e9e<\/strong><\/h3><p data-start=\"1431\" data-end=\"1728\">Chaque situation est unique. Nos avocats adaptent leur strat\u00e9gie pour r\u00e9pondre aux besoins sp\u00e9cifiques de chaque client. De la premi\u00e8re consultation jusqu\u2019au r\u00e8glement final, nous assurons un accompagnement attentif, garantissant que vous soyez inform\u00e9 et en confiance tout au long du processus.<\/p>\t\t\t\t\t\t\t\t<\/div>\n\t\t\t\t<\/div>\n\t\t\t\t\t<\/div>\n\t\t\t\t<\/div>\n\t\t\t\t<\/div>\n\t\t<div class=\"elementor-element elementor-element-450bff1 e-con-full e-flex e-con e-parent\" data-id=\"450bff1\" data-element_type=\"container\" data-e-type=\"container\">\n\t\t\t\t<div class=\"elementor-element elementor-element-e9e1198 elementor-widget elementor-widget-heading\" data-id=\"e9e1198\" data-element_type=\"widget\" data-e-type=\"widget\" data-widget_type=\"heading.default\">\n\t\t\t\t\t<h2 class=\"elementor-heading-title elementor-size-default\">Vari\u00e9t\u00e9s d\u2019Affaires P\u00e9nales : Domaines de Comp\u00e9tence<\/h2>\t\t\t\t<\/div>\n\t\t<div class=\"elementor-element elementor-element-a297b41 e-grid e-con-full e-con e-child\" data-id=\"a297b41\" data-element_type=\"container\" data-e-type=\"container\">\n\t\t<div class=\"elementor-element elementor-element-64cb0e5 e-con-full e-flex e-con e-child\" data-id=\"64cb0e5\" data-element_type=\"container\" data-e-type=\"container\" data-settings=\"{&quot;background_background&quot;:&quot;classic&quot;}\">\n\t\t\t\t<div class=\"elementor-element elementor-element-4dfca71 elementor-widget elementor-widget-heading\" data-id=\"4dfca71\" data-element_type=\"widget\" data-e-type=\"widget\" data-widget_type=\"heading.default\">\n\t\t\t\t\t<h2 class=\"elementor-heading-title elementor-size-default\">Gestion de la Cybercriminalit\u00e9<\/h2>\t\t\t\t<\/div>\n\t\t\t\t<div class=\"elementor-element elementor-element-b57e213 elementor-widget elementor-widget-text-editor\" data-id=\"b57e213\" data-element_type=\"widget\" data-e-type=\"widget\" data-widget_type=\"text-editor.default\">\n\t\t\t\t\t\t\t\t\t<p data-start=\"170\" data-end=\"370\">La cybercriminalit\u00e9 se d\u00e9veloppe rapidement avec l\u2019\u00e9volution des technologies. Au Cameroun, elle est strictement encadr\u00e9e par la loi, et notre \u00e9quipe peut intervenir dans des situations telles que :<\/p><ul data-start=\"372\" data-end=\"621\"><li data-start=\"372\" data-end=\"448\"><p data-start=\"374\" data-end=\"448\"><strong data-start=\"374\" data-end=\"402\">Piraterie informatique :<\/strong> Acc\u00e8s ill\u00e9gal \u00e0 des syst\u00e8mes informatiques.<\/p><\/li><li data-start=\"449\" data-end=\"542\"><p data-start=\"451\" data-end=\"542\"><strong data-start=\"451\" data-end=\"473\">Fraudes en ligne :<\/strong> Pr\u00e9vention des escroqueries via l\u2019usurpation d\u2019identit\u00e9 virtuelle.<\/p><\/li><li data-start=\"543\" data-end=\"621\"><p data-start=\"545\" data-end=\"621\"><strong data-start=\"545\" data-end=\"564\">Abus en ligne :<\/strong> Gestion des cas de diffamation et de cyberharc\u00e8lement.<\/p><\/li><\/ul>\t\t\t\t\t\t\t\t<\/div>\n\t\t\t\t<\/div>\n\t\t<div class=\"elementor-element elementor-element-f9158c0 e-con-full e-flex e-con e-child\" data-id=\"f9158c0\" data-element_type=\"container\" data-e-type=\"container\" data-settings=\"{&quot;background_background&quot;:&quot;classic&quot;}\">\n\t\t\t\t<div class=\"elementor-element elementor-element-4f895c0 elementor-widget elementor-widget-heading\" data-id=\"4f895c0\" data-element_type=\"widget\" data-e-type=\"widget\" data-widget_type=\"heading.default\">\n\t\t\t\t\t<h2 class=\"elementor-heading-title elementor-size-default\">Crimes Li\u00e9s aux Stup\u00e9fiants<\/h2>\t\t\t\t<\/div>\n\t\t\t\t<div class=\"elementor-element elementor-element-484217f elementor-widget elementor-widget-text-editor\" data-id=\"484217f\" data-element_type=\"widget\" data-e-type=\"widget\" data-widget_type=\"text-editor.default\">\n\t\t\t\t\t\t\t\t\t<p data-start=\"179\" data-end=\"382\">Les lois sur les stup\u00e9fiants au Cameroun pr\u00e9voient de lourdes sanctions pour le trafic, la consommation et la d\u00e9tention de drogues. Notre \u00e9quipe d\u2019avocats peut intervenir dans des affaires telles que :<\/p><ul data-start=\"384\" data-end=\"775\"><li data-start=\"384\" data-end=\"490\"><p data-start=\"386\" data-end=\"490\"><strong data-start=\"386\" data-end=\"423\">Possession et trafic de drogues :<\/strong> D\u00e9fense contre les accusations li\u00e9es \u00e0 des substances illicites.<\/p><\/li><li data-start=\"491\" data-end=\"630\"><p data-start=\"493\" data-end=\"630\"><strong data-start=\"493\" data-end=\"547\">Infractions li\u00e9es aux m\u00e9dicaments sur ordonnance :<\/strong> Gestion des situations impliquant une utilisation abusive pr\u00e9vue de m\u00e9dicaments.<\/p><\/li><li data-start=\"631\" data-end=\"775\"><p data-start=\"633\" data-end=\"775\"><strong data-start=\"633\" data-end=\"677\">Crimes financiers li\u00e9s aux stup\u00e9fiants :<\/strong> Assistance dans les dossiers complexes impliquant des transactions ill\u00e9gales li\u00e9es aux drogues.<\/p><\/li><\/ul>\t\t\t\t\t\t\t\t<\/div>\n\t\t\t\t<\/div>\n\t\t<div class=\"elementor-element elementor-element-0ef0821 e-con-full e-flex e-con e-child\" data-id=\"0ef0821\" data-element_type=\"container\" data-e-type=\"container\" data-settings=\"{&quot;background_background&quot;:&quot;classic&quot;}\">\n\t\t\t\t<div class=\"elementor-element elementor-element-c51cdd0 elementor-widget elementor-widget-heading\" data-id=\"c51cdd0\" data-element_type=\"widget\" data-e-type=\"widget\" data-widget_type=\"heading.default\">\n\t\t\t\t\t<h2 class=\"elementor-heading-title elementor-size-default\">Crimes Li\u00e9s \u00e0 l\u2019Alcoolisme<\/h2>\t\t\t\t<\/div>\n\t\t\t\t<div class=\"elementor-element elementor-element-ea67b44 elementor-widget elementor-widget-text-editor\" data-id=\"ea67b44\" data-element_type=\"widget\" data-e-type=\"widget\" data-widget_type=\"text-editor.default\">\n\t\t\t\t\t\t\t\t\t<p data-start=\"179\" data-end=\"343\">M\u00eame si la consommation d\u2019alcool est de plus en plus r\u00e9pandue, la l\u00e9gislation camerounaise reste stricte. Notre \u00e9quipe intervient dans des situations telles que :<\/p><ul data-start=\"345\" data-end=\"669\"><li data-start=\"345\" data-end=\"439\"><p data-start=\"347\" data-end=\"439\"><strong data-start=\"347\" data-end=\"374\">Intoxication publique :<\/strong> D\u00e9fense contre les accusations d\u2019ivresse sur la voie publique.<\/p><\/li><li data-start=\"440\" data-end=\"552\"><p data-start=\"442\" data-end=\"552\"><strong data-start=\"442\" data-end=\"474\">Conduite en \u00e9tat d\u2019ivresse :<\/strong> Repr\u00e9sentation de toute personne accus\u00e9e de DUI ou conduite sous influence.<\/p><\/li><li data-start=\"553\" data-end=\"669\"><p data-start=\"555\" data-end=\"669\"><strong data-start=\"555\" data-end=\"589\">Infractions li\u00e9es \u00e0 l\u2019alcool :<\/strong> Gestion des violations des r\u00e8gles li\u00e9es aux zones \u00e0 consommation r\u00e9glement\u00e9e.<\/p><\/li><\/ul>\t\t\t\t\t\t\t\t<\/div>\n\t\t\t\t<\/div>\n\t\t<div class=\"elementor-element elementor-element-f6dfddb e-con-full e-flex e-con e-child\" data-id=\"f6dfddb\" data-element_type=\"container\" data-e-type=\"container\" data-settings=\"{&quot;background_background&quot;:&quot;classic&quot;}\">\n\t\t\t\t<div class=\"elementor-element elementor-element-c48c55b elementor-widget elementor-widget-heading\" data-id=\"c48c55b\" data-element_type=\"widget\" data-e-type=\"widget\" data-widget_type=\"heading.default\">\n\t\t\t\t\t<h2 class=\"elementor-heading-title elementor-size-default\">Crimes Financiers<\/h2>\t\t\t\t<\/div>\n\t\t\t\t<div class=\"elementor-element elementor-element-352c0c0 elementor-widget elementor-widget-text-editor\" data-id=\"352c0c0\" data-element_type=\"widget\" data-e-type=\"widget\" data-widget_type=\"text-editor.default\">\n\t\t\t\t\t\t\t\t\t<p data-start=\"170\" data-end=\"361\">Les crimes financiers tels que le d\u00e9tournement de fonds, le blanchiment d\u2019argent et la fraude sont des infractions graves au Cameroun. Notre \u00e9quipe intervient dans des affaires telles que :<\/p><ul data-start=\"363\" data-end=\"666\"><li data-start=\"363\" data-end=\"447\"><p data-start=\"365\" data-end=\"447\"><strong data-start=\"365\" data-end=\"390\">Crimes en col blanc :<\/strong> Gestion des fraudes d\u2019entreprise et abus de confiance.<\/p><\/li><li data-start=\"448\" data-end=\"548\"><p data-start=\"450\" data-end=\"548\"><strong data-start=\"450\" data-end=\"481\">Corruption et pots-de-vin :<\/strong> D\u00e9fense contre les accusations li\u00e9es \u00e0 des manquements \u00e9thiques.<\/p><\/li><li data-start=\"549\" data-end=\"666\"><p data-start=\"551\" data-end=\"666\"><strong data-start=\"551\" data-end=\"593\">Fraude financi\u00e8re et \u00e9vasion fiscale :<\/strong> Assistance dans les dossiers impliquant des irr\u00e9gularit\u00e9s financi\u00e8res.<\/p><\/li><\/ul>\t\t\t\t\t\t\t\t<\/div>\n\t\t\t\t<\/div>\n\t\t<div class=\"elementor-element elementor-element-6377d72 e-con-full e-flex e-con e-child\" data-id=\"6377d72\" data-element_type=\"container\" data-e-type=\"container\" data-settings=\"{&quot;background_background&quot;:&quot;classic&quot;}\">\n\t\t\t\t<div class=\"elementor-element elementor-element-4c35663 elementor-widget elementor-widget-heading\" data-id=\"4c35663\" data-element_type=\"widget\" data-e-type=\"widget\" data-widget_type=\"heading.default\">\n\t\t\t\t\t<h2 class=\"elementor-heading-title elementor-size-default\">Crimes Violents<\/h2>\t\t\t\t<\/div>\n\t\t\t\t<div class=\"elementor-element elementor-element-4e6582c elementor-widget elementor-widget-text-editor\" data-id=\"4e6582c\" data-element_type=\"widget\" data-e-type=\"widget\" data-widget_type=\"text-editor.default\">\n\t\t\t\t\t\t\t\t\t<p data-start=\"168\" data-end=\"333\">Les infractions graves au Cameroun entra\u00eenent des sanctions s\u00e9v\u00e8res, rendant indispensable une d\u00e9fense comp\u00e9tente. Notre \u00e9quipe repr\u00e9sente les clients accus\u00e9s de :<\/p><ul data-start=\"335\" data-end=\"626\"><li data-start=\"335\" data-end=\"440\"><p data-start=\"337\" data-end=\"440\"><strong data-start=\"337\" data-end=\"394\">Violence physique, agressions et coups et blessures :<\/strong> D\u00e9fense contre les accusations de violence.<\/p><\/li><li data-start=\"441\" data-end=\"521\"><p data-start=\"443\" data-end=\"521\"><strong data-start=\"443\" data-end=\"472\">Crimes contre les biens :<\/strong> Gestion des affaires de vol et de cambriolage.<\/p><\/li><li data-start=\"522\" data-end=\"626\"><p data-start=\"524\" data-end=\"626\"><strong data-start=\"524\" data-end=\"556\">Homicides et coups mortels :<\/strong> Repr\u00e9sentation devant les juridictions p\u00e9nales les plus exigeantes.<\/p><\/li><\/ul>\t\t\t\t\t\t\t\t<\/div>\n\t\t\t\t<\/div>\n\t\t<div class=\"elementor-element elementor-element-4231548 e-con-full e-flex e-con e-child\" data-id=\"4231548\" data-element_type=\"container\" data-e-type=\"container\" data-settings=\"{&quot;background_background&quot;:&quot;classic&quot;}\">\n\t\t\t\t<div class=\"elementor-element elementor-element-e328b1d elementor-widget elementor-widget-heading\" data-id=\"e328b1d\" data-element_type=\"widget\" data-e-type=\"widget\" data-widget_type=\"heading.default\">\n\t\t\t\t\t<h2 class=\"elementor-heading-title elementor-size-default\">Infractions Sexuelles<\/h2>\t\t\t\t<\/div>\n\t\t\t\t<div class=\"elementor-element elementor-element-791989b elementor-widget elementor-widget-text-editor\" data-id=\"791989b\" data-element_type=\"widget\" data-e-type=\"widget\" data-widget_type=\"text-editor.default\">\n\t\t\t\t\t\t\t\t\t<p data-start=\"174\" data-end=\"374\">Parmi les affaires p\u00e9nales les plus d\u00e9licates figurent les infractions sexuelles, n\u00e9cessitant une approche \u00e0 la fois rigoureuse et sensible. Notre cabinet intervient dans des situations telles que :<\/p><ul data-start=\"376\" data-end=\"713\"><li data-start=\"376\" data-end=\"464\"><p data-start=\"378\" data-end=\"464\"><strong data-start=\"378\" data-end=\"402\">Harc\u00e8lement sexuel :<\/strong> D\u00e9fense contre les accusations de comportement inappropri\u00e9.<\/p><\/li><li data-start=\"465\" data-end=\"583\"><p data-start=\"467\" data-end=\"583\"><strong data-start=\"467\" data-end=\"501\">Infractions sexuelles graves :<\/strong> Repr\u00e9sentation attentive dans les affaires de crimes moraux, y compris le viol.<\/p><\/li><li data-start=\"584\" data-end=\"713\"><p data-start=\"586\" data-end=\"713\"><strong data-start=\"586\" data-end=\"635\">Protection contre les accusations infond\u00e9es :<\/strong> D\u00e9montrer l\u2019innocence de nos clients pour pr\u00e9venir toute fausse accusation.<\/p><\/li><\/ul>\t\t\t\t\t\t\t\t<\/div>\n\t\t\t\t<\/div>\n\t\t\t\t<\/div>\n\t\t\t\t<\/div>\n\t\t\t\t<\/div>\n\t\t","protected":false},"excerpt":{"rendered":"<p>Avocats P\u00e9nalistes de Premier Plan au Cameroun \u2013 Protection de Vos Droits Services Juridiques en Droit P\u00e9nal au Cameroun Le droit p\u00e9nal est un domaine complexe et sensible du droit, n\u00e9cessitant une expertise rigoureuse et une exp\u00e9rience approfondie. Comprendre et naviguer dans les subtilit\u00e9s du Code p\u00e9nal camerounais exige non seulement une connaissance pr\u00e9cise du [&hellip;]<\/p>\n","protected":false},"author":1,"featured_media":0,"parent":0,"menu_order":0,"comment_status":"closed","ping_status":"closed","template":"","meta":{"ocean_post_layout":"full-screen","ocean_both_sidebars_style":"","ocean_both_sidebars_content_width":0,"ocean_both_sidebars_sidebars_width":0,"ocean_sidebar":"","ocean_second_sidebar":"","ocean_disable_margins":"enable","ocean_add_body_class":"","ocean_shortcode_before_top_bar":"","ocean_shortcode_after_top_bar":"","ocean_shortcode_before_header":"","ocean_shortcode_after_header":"","ocean_has_shortcode":"","ocean_shortcode_after_title":"","ocean_shortcode_before_footer_widgets":"","ocean_shortcode_after_footer_widgets":"","ocean_shortcode_before_footer_bottom":"","ocean_shortcode_after_footer_bottom":"","ocean_display_top_bar":"default","ocean_display_header":"default","ocean_header_style":"","ocean_center_header_left_menu":"","ocean_custom_header_template":"","ocean_custom_logo":0,"ocean_custom_retina_logo":0,"ocean_custom_logo_max_width":0,"ocean_custom_logo_tablet_max_width":0,"ocean_custom_logo_mobile_max_width":0,"ocean_custom_logo_max_height":0,"ocean_custom_logo_tablet_max_height":0,"ocean_custom_logo_mobile_max_height":0,"ocean_header_custom_menu":"","ocean_menu_typo_font_family":"","ocean_menu_typo_font_subset":"","ocean_menu_typo_font_size":0,"ocean_menu_typo_font_size_tablet":0,"ocean_menu_typo_font_size_mobile":0,"ocean_menu_typo_font_size_unit":"px","ocean_menu_typo_font_weight":"","ocean_menu_typo_font_weight_tablet":"","ocean_menu_typo_font_weight_mobile":"","ocean_menu_typo_transform":"","ocean_menu_typo_transform_tablet":"","ocean_menu_typo_transform_mobile":"","ocean_menu_typo_line_height":0,"ocean_menu_typo_line_height_tablet":0,"ocean_menu_typo_line_height_mobile":0,"ocean_menu_typo_line_height_unit":"","ocean_menu_typo_spacing":0,"ocean_menu_typo_spacing_tablet":0,"ocean_menu_typo_spacing_mobile":0,"ocean_menu_typo_spacing_unit":"","ocean_menu_link_color":"","ocean_menu_link_color_hover":"","ocean_menu_link_color_active":"","ocean_menu_link_background":"","ocean_menu_link_hover_background":"","ocean_menu_link_active_background":"","ocean_menu_social_links_bg":"","ocean_menu_social_hover_links_bg":"","ocean_menu_social_links_color":"","ocean_menu_social_hover_links_color":"","ocean_disable_title":"on","ocean_disable_heading":"default","ocean_post_title":"","ocean_post_subheading":"","ocean_post_title_style":"","ocean_post_title_background_color":"","ocean_post_title_background":0,"ocean_post_title_bg_image_position":"","ocean_post_title_bg_image_attachment":"","ocean_post_title_bg_image_repeat":"","ocean_post_title_bg_image_size":"","ocean_post_title_height":0,"ocean_post_title_bg_overlay":0.5,"ocean_post_title_bg_overlay_color":"","ocean_disable_breadcrumbs":"default","ocean_breadcrumbs_color":"","ocean_breadcrumbs_separator_color":"","ocean_breadcrumbs_links_color":"","ocean_breadcrumbs_links_hover_color":"","ocean_display_footer_widgets":"default","ocean_display_footer_bottom":"default","ocean_custom_footer_template":"","footnotes":""},"class_list":["post-19","page","type-page","status-publish","hentry","entry"],"_links":{"self":[{"href":"https:\/\/cabinetngos.com\/index.php\/wp-json\/wp\/v2\/pages\/19","targetHints":{"allow":["GET"]}}],"collection":[{"href":"https:\/\/cabinetngos.com\/index.php\/wp-json\/wp\/v2\/pages"}],"about":[{"href":"https:\/\/cabinetngos.com\/index.php\/wp-json\/wp\/v2\/types\/page"}],"author":[{"embeddable":true,"href":"https:\/\/cabinetngos.com\/index.php\/wp-json\/wp\/v2\/users\/1"}],"replies":[{"embeddable":true,"href":"https:\/\/cabinetngos.com\/index.php\/wp-json\/wp\/v2\/comments?post=19"}],"version-history":[{"count":53,"href":"https:\/\/cabinetngos.com\/index.php\/wp-json\/wp\/v2\/pages\/19\/revisions"}],"predecessor-version":[{"id":788,"href":"https:\/\/cabinetngos.com\/index.php\/wp-json\/wp\/v2\/pages\/19\/revisions\/788"}],"wp:attachment":[{"href":"https:\/\/cabinetngos.com\/index.php\/wp-json\/wp\/v2\/media?parent=19"}],"curies":[{"name":"wp","href":"https:\/\/api.w.org\/{rel}","templated":true}]}}